{"id":125,"date":"2015-06-30T11:37:42","date_gmt":"2015-06-30T09:37:42","guid":{"rendered":"http:\/\/samerski.de\/?page_id=125"},"modified":"2015-07-14T11:47:01","modified_gmt":"2015-07-14T09:47:01","slug":"denken-nach-ivan-illich","status":"publish","type":"page","link":"https:\/\/samerski.de\/?page_id=125","title":{"rendered":"Denken nach Ivan Illich"},"content":{"rendered":"<p>Im Winter 1995 kam ich auf Einladung von Barbara Duden nach Bremen, um an den Freitagnachmittags-Vorlesungen von Ivan Illich teilzunehmen. Er w\u00fcrde diesen Winter \u00fcber Medizin sprechen, hatte Barbara angek\u00fcndigt. Die Freitagnachmittage waren eine gro\u00dfe \u00dcberraschung. Um das 12. Jahrhundert ging es da, um den Geruch der Heiligen, um Gastfreundschaft, um Levinas, um das Sterben und um das &#8222;Soll&#8220;. Was das alles mit Medizin zu tun haben sollte, begriff ich lange nicht. Wie ich \u00fcberhaupt lange nicht wusste, wovon dieser eigenartige Mann da vorne redete. Trotzdem war mir schnell klar: Hier gibt es etwas zu verstehen, was sonst nicht gelehrt wird. Ein Jahr sp\u00e4ter zog ich mit Sack und Pack nach Bremen, um eine der Weg- und Denkgef\u00e4hrten von Ivan Illich zu werden.<\/p>\n<p>Die n\u00e4chsten Jahre versuchte ich, meine Doktorarbeit \u00fcber &#8222;Die verrechnete Hoffnung. von der selbstbestimmten Entscheidung durch genetische Beratung&#8220; zu schreiben; mindestens ebenso viel Zeit wie mit dieser Arbeit verbrachte ich jedoch mit Ivan Illich und seiner Denkerei in Bremen, Mexiko, Italien und den USA. Als seine &#8222;rechte Hand&#8220; stellte ich die &#8222;Pudel&#8220;-B\u00e4nde zusammen, Dokumentationen unserer Arbeitstreffen und Ergebnisse, baute mit Hilfe von Isabell Hohnroth eine Webseite auf, organisierte Treffen und Veranstaltungen und hielt zusammen mit Ivan Vortr\u00e4ge. Auf der \u2013 inzwischen nicht mehr aktualisierten \u2013 Webseite &#8222;<a href=\"http:\/\/www.pudel.uni-bremen.de\/\" target=\"_blank\">Denken nach Illich&#8220;<\/a> finden sich noch zahlreiche Texte und Materialien aus der Zeit.<\/p>\n<p>Am 2. Dezember 2002 ist Ivan ganz pl\u00f6tzlich, kurz bevor wir uns treffen wollten, um an einem <a href=\"http:\/\/samerski.de\/wp-content\/uploads\/2015\/06\/GigDt_FIN.pdf\" target=\"_blank\">gemeinsamen Text \u00fcber die Auswirkungen des Risikodenkens<\/a> zu schreiben, in Bremen gestorben. Ihm verdanke ich Orientierung im Denken, zahlreiche Freundschaften, eine grundlegende Skepsis gegen\u00fcber technischen Machbarkeitsverhei\u00dfungen und vieles mehr. Sein Freundeskreis trifft sich weiterhin zwar unregelm\u00e4\u00dfig, aber umso leidenschaftlicher zum &#8222;Denken nach Illich&#8220; in Bremen, Oakland, Italien oder anderswo. Die neue und laufend aktualisierte Webseite &#8222;<a href=\"http:\/\/illich.org\/\" target=\"_blank\">Illich Archive&#8220;<\/a> soll solche Aktivit\u00e4ten und alle m\u00f6glichen Materialen von und \u00fcber Illich zug\u00e4nglich machen.<\/p>\n","protected":false},"excerpt":{"rendered":"<p>Im Winter 1995 kam ich auf Einladung von Barbara Duden nach Bremen, um an den Freitagnachmittags-Vorlesungen von Ivan Illich teilzunehmen. Er w\u00fcrde diesen Winter \u00fcber Medizin sprechen, hatte Barbara angek\u00fcndigt. Die Freitagnachmittage waren eine gro\u00dfe \u00dcberraschung. Um das 12. Jahrhundert ging es da, um den Geruch der Heiligen, um Gastfreundschaft, um Levinas, um das Sterben &#8230; <a title=\"Denken nach Ivan Illich\" class=\"read-more\" href=\"https:\/\/samerski.de\/?page_id=125\" aria-label=\"Mehr dazu unter Denken nach Ivan Illich\">Weiterlesen<\/a><\/p>\n","protected":false},"author":2,"featured_media":144,"parent":0,"menu_order":0,"comment_status":"closed","ping_status":"open","template":"","meta":{"footnotes":""},"_links":{"self":[{"href":"https:\/\/samerski.de\/index.php?rest_route=\/wp\/v2\/pages\/125"}],"collection":[{"href":"https:\/\/samerski.de\/index.php?rest_route=\/wp\/v2\/pages"}],"about":[{"href":"https:\/\/samerski.de\/index.php?rest_route=\/wp\/v2\/types\/page"}],"author":[{"embeddable":true,"href":"https:\/\/samerski.de\/index.php?rest_route=\/wp\/v2\/users\/2"}],"replies":[{"embeddable":true,"href":"https:\/\/samerski.de\/index.php?rest_route=%2Fwp%2Fv2%2Fcomments&post=125"}],"version-history":[{"count":4,"href":"https:\/\/samerski.de\/index.php?rest_route=\/wp\/v2\/pages\/125\/revisions"}],"predecessor-version":[{"id":145,"href":"https:\/\/samerski.de\/index.php?rest_route=\/wp\/v2\/pages\/125\/revisions\/145"}],"wp:featuredmedia":[{"embeddable":true,"href":"https:\/\/samerski.de\/index.php?rest_route=\/wp\/v2\/media\/144"}],"wp:attachment":[{"href":"https:\/\/samerski.de\/index.php?rest_route=%2Fwp%2Fv2%2Fmedia&parent=125"}],"curies":[{"name":"wp","href":"https:\/\/api.w.org\/{rel}","templated":true}]}}

<p>Im Winter 1995 kam ich auf Einladung von Barbara Duden nach Bremen, um an den Freitagnachmittags-Vorlesungen von Ivan Illich teilzunehmen. Er würde diesen Winter über Medizin sprechen, hatte Barbara angekündigt. Die Freitagnachmittage waren eine große Überraschung. Um das 12. Jahrhundert ging es da, um den Geruch der Heiligen, um Gastfreundschaft, um Levinas, um das Sterben und um das &#8222;Soll&#8220;. Was das alles mit Medizin zu tun haben sollte, begriff ich lange nicht. Wie ich überhaupt lange nicht wusste, wovon dieser eigenartige Mann da vorne redete. Trotzdem war mir schnell klar: Hier gibt es etwas zu verstehen, was sonst nicht gelehrt wird. Ein Jahr später zog ich mit Sack und Pack nach Bremen, um eine der Weg- und Denkgefährten von Ivan Illich zu werden.</p>
<p>Die nächsten Jahre versuchte ich, meine Doktorarbeit über &#8222;Die verrechnete Hoffnung. von der selbstbestimmten Entscheidung durch genetische Beratung&#8220; zu schreiben; mindestens ebenso viel Zeit wie mit dieser Arbeit verbrachte ich jedoch mit Ivan Illich und seiner Denkerei in Bremen, Mexiko, Italien und den USA. Als seine &#8222;rechte Hand&#8220; stellte ich die &#8222;Pudel&#8220;-Bände zusammen, Dokumentationen unserer Arbeitstreffen und Ergebnisse, baute mit Hilfe von Isabell Hohnroth eine Webseite auf, organisierte Treffen und Veranstaltungen und hielt zusammen mit Ivan Vorträge. Auf der – inzwischen nicht mehr aktualisierten – Webseite &#8222;<a href="http://www.pudel.uni-bremen.de/" target="_blank">Denken nach Illich&#8220;</a> finden sich noch zahlreiche Texte und Materialien aus der Zeit.</p>
<p>Am 2. Dezember 2002 ist Ivan ganz plötzlich, kurz bevor wir uns treffen wollten, um an einem <a href="http://samerski.de/wp-content/uploads/2015/06/GigDt_FIN.pdf" target="_blank">gemeinsamen Text über die Auswirkungen des Risikodenkens</a> zu schreiben, in Bremen gestorben. Ihm verdanke ich Orientierung im Denken, zahlreiche Freundschaften, eine grundlegende Skepsis gegenüber technischen Machbarkeitsverheißungen und vieles mehr. Sein Freundeskreis trifft sich weiterhin zwar unregelmäßig, aber umso leidenschaftlicher zum &#8222;Denken nach Illich&#8220; in Bremen, Oakland, Italien oder anderswo. Die neue und laufend aktualisierte Webseite &#8222;<a href="http://illich.org/" target="_blank">Illich Archive&#8220;</a> soll solche Aktivitäten und alle möglichen Materialen von und über Illich zugänglich machen.</p>

<p>Im Winter 1995 kam ich auf Einladung von Barbara Duden nach Bremen, um an den Freitagnachmittags-Vorlesungen von Ivan Illich teilzunehmen. Er würde diesen Winter über Medizin sprechen, hatte Barbara angekündigt. Die Freitagnachmittage waren eine große Überraschung. Um das 12. Jahrhundert ging es da, um den Geruch der Heiligen, um Gastfreundschaft, um Levinas, um das Sterben &#8230; <a title="Denken nach Ivan Illich" class="read-more" href="https://samerski.de/?page_id=125" aria-label="Mehr dazu unter Denken nach Ivan Illich">Weiterlesen</a></p>
