{"id":133,"date":"2015-07-02T12:43:37","date_gmt":"2015-07-02T10:43:37","guid":{"rendered":"http:\/\/samerski.de\/?page_id=133"},"modified":"2017-05-13T10:47:40","modified_gmt":"2017-05-13T08:47:40","slug":"was-ich-ihnen-anbieten-kann","status":"publish","type":"page","link":"https:\/\/samerski.de\/?page_id=133","title":{"rendered":"Was ich anbiete"},"content":{"rendered":"<p>Neben meiner wissenschaftlichen T\u00e4tigkeit an der Universit\u00e4t und meiner Lehre im Modul Gesundheitwissenschaften\/Soziale Arbeit an der Hochschule Bremen bin ich freiberuflich als wissenschaftliche Referentin, Beraterin und Gutachterin sowie als Tagungsorganisatorin t\u00e4tig. Eine <a href=\"http:\/\/samerski.de\/wp-content\/uploads\/2017\/05\/Samerski_Portfolio_Mai2017-red.pdf\" target=\"_blank\" rel=\"noopener noreferrer\">Selbstdarstellung im pdf-Format gibt es hier<\/a>.<\/p>\n<p>Meine Themenschwerpunkte sind:<\/p>\n<ul>\n<li>Big Data und Digitalisierung (im Gesundheitswesen)<\/li>\n<li>Digitale M\u00fcndigkeit (<a href=\"http:\/\/samerski.de\/wp-content\/uploads\/2017\/05\/Expose_Patienteninfo_BigData_072016_neu-5.pdf\" target=\"_blank\" rel=\"noopener noreferrer\">ein Expos\u00e9 einer Patienten- bzw. Versichertenbrosch\u00fcre zur F\u00f6rderung der digitalen M\u00fcndigkeit von Hardy M\u00fcller, WINEG\/TK und mir gibt es hier<\/a>)<\/li>\n<li>Ver\u00e4nderungen des Arzt-Patienten-Verh\u00e4ltnisses<\/li>\n<li>Risikokommunikation und statistische Vorhersagen in der Arztpraxis und am Krankenbett<\/li>\n<li>Patienteninformation, Patientenaufkl\u00e4rung und Patientenautonomie<\/li>\n<li>Entscheidungshilfen und medizinische Entscheidungsfindung<\/li>\n<li>Gesundheit im Stadtteil, stadtteilbezogene Gesundheitsversorgung<\/li>\n<li>soziokulturelle Barrieren im Gesundheitssystem<\/li>\n<li>soziale und kulturelle Dimensionen von Gesundheit und gesundheitsbezogenem Handeln<\/li>\n<li>\u00d6konomisierung der Medizin<\/li>\n<li>Genetik in Medizin und Gesellschaft<\/li>\n<\/ul>\n<p>Schreiben Sie mir (<a href=\"mailto:kontakt@samerski.de\">kontakt@samerski.de<\/a>) oder rufen Sie mich an: ++49 (0)152 05693827<\/p>\n<p>&nbsp;<\/p>\n","protected":false},"excerpt":{"rendered":"<p>Neben meiner wissenschaftlichen T\u00e4tigkeit an der Universit\u00e4t und meiner Lehre im Modul Gesundheitwissenschaften\/Soziale Arbeit an der Hochschule Bremen bin ich freiberuflich als wissenschaftliche Referentin, Beraterin und Gutachterin sowie als Tagungsorganisatorin t\u00e4tig. Eine Selbstdarstellung im pdf-Format gibt es hier. Meine Themenschwerpunkte sind: Big Data und Digitalisierung (im Gesundheitswesen) Digitale M\u00fcndigkeit (ein Expos\u00e9 einer Patienten- bzw. Versichertenbrosch\u00fcre &#8230; <a title=\"Was ich anbiete\" class=\"read-more\" href=\"https:\/\/samerski.de\/?page_id=133\" aria-label=\"Mehr dazu unter Was ich anbiete\">Weiterlesen<\/a><\/p>\n","protected":false},"author":2,"featured_media":0,"parent":0,"menu_order":0,"comment_status":"closed","ping_status":"open","template":"","meta":{"footnotes":""},"_links":{"self":[{"href":"https:\/\/samerski.de\/index.php?rest_route=\/wp\/v2\/pages\/133"}],"collection":[{"href":"https:\/\/samerski.de\/index.php?rest_route=\/wp\/v2\/pages"}],"about":[{"href":"https:\/\/samerski.de\/index.php?rest_route=\/wp\/v2\/types\/page"}],"author":[{"embeddable":true,"href":"https:\/\/samerski.de\/index.php?rest_route=\/wp\/v2\/users\/2"}],"replies":[{"embeddable":true,"href":"https:\/\/samerski.de\/index.php?rest_route=%2Fwp%2Fv2%2Fcomments&post=133"}],"version-history":[{"count":10,"href":"https:\/\/samerski.de\/index.php?rest_route=\/wp\/v2\/pages\/133\/revisions"}],"predecessor-version":[{"id":297,"href":"https:\/\/samerski.de\/index.php?rest_route=\/wp\/v2\/pages\/133\/revisions\/297"}],"wp:attachment":[{"href":"https:\/\/samerski.de\/index.php?rest_route=%2Fwp%2Fv2%2Fmedia&parent=133"}],"curies":[{"name":"wp","href":"https:\/\/api.w.org\/{rel}","templated":true}]}}

<p>Neben meiner wissenschaftlichen Tätigkeit an der Universität und meiner Lehre im Modul Gesundheitwissenschaften/Soziale Arbeit an der Hochschule Bremen bin ich freiberuflich als wissenschaftliche Referentin, Beraterin und Gutachterin sowie als Tagungsorganisatorin tätig. Eine <a href="http://samerski.de/wp-content/uploads/2017/05/Samerski_Portfolio_Mai2017-red.pdf" target="_blank" rel="noopener noreferrer">Selbstdarstellung im pdf-Format gibt es hier</a>.</p>
<p>Meine Themenschwerpunkte sind:</p>
<ul>
<li>Big Data und Digitalisierung (im Gesundheitswesen)</li>
<li>Digitale Mündigkeit (<a href="http://samerski.de/wp-content/uploads/2017/05/Expose_Patienteninfo_BigData_072016_neu-5.pdf" target="_blank" rel="noopener noreferrer">ein Exposé einer Patienten- bzw. Versichertenbroschüre zur Förderung der digitalen Mündigkeit von Hardy Müller, WINEG/TK und mir gibt es hier</a>)</li>
<li>Veränderungen des Arzt-Patienten-Verhältnisses</li>
<li>Risikokommunikation und statistische Vorhersagen in der Arztpraxis und am Krankenbett</li>
<li>Patienteninformation, Patientenaufklärung und Patientenautonomie</li>
<li>Entscheidungshilfen und medizinische Entscheidungsfindung</li>
<li>Gesundheit im Stadtteil, stadtteilbezogene Gesundheitsversorgung</li>
<li>soziokulturelle Barrieren im Gesundheitssystem</li>
<li>soziale und kulturelle Dimensionen von Gesundheit und gesundheitsbezogenem Handeln</li>
<li>Ökonomisierung der Medizin</li>
<li>Genetik in Medizin und Gesellschaft</li>
</ul>
<p>Schreiben Sie mir (<a href="mailto:kontakt@samerski.de">kontakt@samerski.de</a>) oder rufen Sie mich an: ++49 (0)152 05693827</p>
<p>&nbsp;</p>

<p>Neben meiner wissenschaftlichen Tätigkeit an der Universität und meiner Lehre im Modul Gesundheitwissenschaften/Soziale Arbeit an der Hochschule Bremen bin ich freiberuflich als wissenschaftliche Referentin, Beraterin und Gutachterin sowie als Tagungsorganisatorin tätig. Eine Selbstdarstellung im pdf-Format gibt es hier. Meine Themenschwerpunkte sind: Big Data und Digitalisierung (im Gesundheitswesen) Digitale Mündigkeit (ein Exposé einer Patienten- bzw. Versichertenbroschüre &#8230; <a title="Was ich anbiete" class="read-more" href="https://samerski.de/?page_id=133" aria-label="Mehr dazu unter Was ich anbiete">Weiterlesen</a></p>
