{"id":18,"date":"2015-01-14T09:59:32","date_gmt":"2015-01-14T08:59:32","guid":{"rendered":"http:\/\/samerski.de\/blog\/?page_id=18"},"modified":"2016-12-15T11:55:02","modified_gmt":"2016-12-15T10:55:02","slug":"veroeffentlichungen","status":"publish","type":"page","link":"https:\/\/samerski.de\/?page_id=18","title":{"rendered":"Ver\u00f6ffentlichungen"},"content":{"rendered":"<p><strong>B\u00fccher (Monographien)<br \/>\n<\/strong><\/p>\n<p>Samerski, Silja,2015: <em><a href=\"http:\/\/samerski.de\/wp-content\/uploads\/2015\/06\/The-Decision-Trap.pdf\" target=\"_blank\">The decision trap<\/a>. Genetic education and its social consequences<\/em>. Exeter, Devon: Imprint Academic.<\/p>\n<p>Deutsche Ausgabe:<\/p>\n<p>Samerski, Silja, 2010: <em><a title=\"Die Entscheidungsfalle\" href=\"http:\/\/samerski.de\/wp-content\/uploads\/2015\/01\/Titelinfo_-__Samerski_Die_Entscheidungsfalle_neu.pdf\" target=\"_blank\">Die Entscheidungsfalle<\/a>.<\/em> Wie genetische Aufkl\u00e4rung die Gesellschaft entm\u00fcndigt. Darmstadt: WBG.<\/p>\n<p>Samerski, Silja, 2002: <em>Die verrechnete Hoffnung.<\/em> Von der selbstbestimmten Entscheidung durch genetische Beratung. M\u00fcnster: Westf\u00e4lisches Dampfboot.<\/p>\n<p>&nbsp;<\/p>\n<p><strong>Sammelband\/Herausgeberschaft<\/strong><\/p>\n<p>Silja Samerski, Anna Henkel, Frank Ettrich 2015:\u00a0 <a href=\"http:\/\/download.springer.com\/static\/pdf\/838\/art%253A10.1007%252Fs11609-015-0289-4.pdf?originUrl=http%3A%2F%2Flink.springer.com%2Farticle%2F10.1007%2Fs11609-015-0289-4&amp;token2=exp=1443623273~acl=%2Fstatic%2Fpdf%2F838%2Fart%25253A10.1007%25252Fs11609-015-0289-4.pdf%3ForiginUrl%3Dhttp%253A%252F%252Flink.springer.com%252Farticle%252F10.1007%252Fs11609-015-0289-4*~hmac=0288eca073751db7b20d367c4de35a0e5bcaccaf7e65f7b72d1fae4fc4998dc1\" target=\"_blank\">Editorial<\/a> (Die Agonie der Entscheidung\/Arbeit und Lebensf\u00fchrung). Berliner Journal f\u00fcr Soziologie 25 (1\/2).<\/p>\n<p>Duden, Barbara, Samerski, Silja, Kirsten Vogeler (Hg.): <em>Die gesichtslose Patientin. Wie Menschen hinter Daten verschwinden<\/em><em>.<\/em> Frankfurt: Mabuse (in Arbeit).<\/p>\n<p>&nbsp;<\/p>\n<p><strong>Nachschlagewerke (mit peer review)<\/strong><\/p>\n<p>Samerski, Silja, 2015: <a title=\"Oxford Handbook\" href=\"http:\/\/www.oxfordhandbooks.com\/view\/10.1093\/oxfordhb\/9780199328581.001.0001\/oxfordhb-9780199328581-e-36?rskey=1o7fuq&amp;result=1\" target=\"_blank\">Pregnancy, personhood and the making of the fetus<\/a>, in: Disch, Lisa und Hawkesworth, Mary (Hg.) Oxford Handbook of Feminist Theory. Oxford: Oxford University Press (DOI 10.1093\/oxfordhb\/9780199328581.013.36).<\/p>\n<p>Samerski, Silja: Genetic testing, in: Mitcham, Carl (Hg.) <em>Encyclopedia of Science, Technology and Ethics<\/em>. New York: Macmillan (im Druck).<\/p>\n<p>Samerski, Silja, 2005: Genetic counseling, in: Mitcham, Carl (Hg.) <em>Encyclopedia of Science, Technology and Ethics<\/em>. New York: Macmillan (\u00fcberarbeitete Neuauflage vorauss. 2015).<\/p>\n<p>&nbsp;<\/p>\n<p><strong>Aufs\u00e4tze in Zeitschriften (mit peer review)<\/strong><\/p>\n<p>Samerski, Silja (2016). Tools for Degrowth? Ivan Illich\u2019s Critique of Technology revisited. Journal for Cleaner Production, <a href=\"http:\/\/dx.doi.org\/10.1016\/j.jclepro.2016.10.039\" target=\"_blank\">http:\/\/dx.doi.org\/10.1016\/j.jclepro.2016.10.039<\/a><\/p>\n<p>Samerski, Silja (2015): Patientenautonomie und Entscheider-Subjekt. Von den Aufkl\u00e4rungspflichten des Arztes zu den Informations- und Entscheidungspflichten des Patienten. Archiv f\u00fcr Rechts- und Sozialphilosophie 101 (4): 565-576.<\/p>\n<p>Silja Samerski und Anna Henkel, 2015: <a href=\"http:\/\/download.springer.com\/static\/pdf\/220\/art%253A10.1007%252Fs11609-015-0281-z.pdf?originUrl=http%3A%2F%2Flink.springer.com%2Farticle%2F10.1007%2Fs11609-015-0281-z&amp;token2=exp=1443622811~acl=%2Fstatic%2Fpdf%2F220%2Fart%25253A10.1007%25252Fs11609-015-0281-z.pdf%3ForiginUrl%3Dhttp%253A%252F%252Flink.springer.com%252Farticle%252F10.1007%252Fs11609-015-0281-z*~hmac=b3651daf243a2aee7d55b41aea80439669284f87c8530dded810ef39f8be7396\" target=\"_blank\">Responsibilisierende Entscheidungen. Strategien und Paradoxien des sozialen Umgangs mit probabilistischen Risiken am Beispiel der Medizin<\/a>. Berliner Journal f\u00fcr Soziologie 25, 83-110.<\/p>\n<p>Samerski, Silja, 2013: Professioneller Entscheidungsunterricht. Vom Klienten zum m\u00fcndigen Entscheider. <em>Leviathan. Berliner Zeitschrift f\u00fcr Sozialwissenschaft<\/em> 41 (1): S. 144-162.<\/p>\n<p>Samerski, Silja, 2009: Genetic counseling and the fiction of choice: Taught self-determination as a new technique of social engineering, in: <em>Signs: Journal of Women in Culture and Society,<\/em> 34, S. 735-761.<\/p>\n<p>Samerski, Silja, 2006: The unleashing of genetic terminology: How genetic counseling mobilizes for risk management, in: <em>New Genetics and society<\/em>, 25, S. 197-208.<\/p>\n<p>Samerski, Silja, 2005: Autonomy and therapy, in: <em>New Perspectives Quarterly<\/em>, 22, S. 71-77.<\/p>\n<p>&nbsp;<\/p>\n<p><strong>Aufs\u00e4tze in Zeitschriften (ohne peer review)<\/strong><\/p>\n<p>Samerski, Silja (2016). Beratung. In: <em>Praxis PalliativeCare<\/em> 33, 41-44.<\/p>\n<p>Samerski, Silja (2016). Informierte Entscheidung. In: <em>Praxis PalliativeCare<\/em> 33, 32-35<\/p>\n<p>M\u00fcller, Hardy und Samerski, Silja (2016). <a href=\"http:\/\/www.aerzteblatt.de\/pdf\/113\/40\/a1749.pdf?ts=05.10.2016+09%3A05%3A42\" target=\"_blank\">Big Data: Eine Datenethik ist unabdingbar.<\/a> <em>Deutsches \u00c4rzteblatt<\/em> 113 (40): A 1749<\/p>\n<p>Samerski, Silja und Illich, Ivan, 2010: Critique de la pens\u00e9e du risque, in: <em>Esprit<\/em>, 367, S. 204-210.<\/p>\n<p>Samerski, Silja, 2009: Gene talk: The symbolic power of &#8222;genes&#8220; in colloquial language, in:<em> KAN: History, Environment, Civilization<\/em> 38: S. 56-68.<\/p>\n<p>Samerski, Silja, 2008: Entm\u00fcndigende Selbstbestimmung. \u00dcber die Entscheidungszumutungen der Pr\u00e4nataldiagnostik, in: <em>Das Argument. <\/em><em>Zeitschrift f\u00fcr Philosophie und Sozialwissenschaften<\/em>, 50, S. 228-234.<\/p>\n<p>Samerski, Silja, 2004: Entm\u00fcndigende Beratung. \u00dcber die Aufforderung zur &#8222;selbstbestimmten Entscheidung&#8220;, in: <em>Merkur<\/em>, 58, S. 180-185.<\/p>\n<p>Samerski, Silja, 2003: Die Freisetzung genetischer Begrifflichkeiten, oder: Wie die genetische Beratung zum Risikomanagement verpflichtet, in: <em>Berliner Bl\u00e4tter. <\/em><em>Ethnographische und ethnologische Beitr\u00e4ge<\/em>, 29\/2002, S. 15-23.<\/p>\n<p>Samerski, Silja, 2002: Risk-anxiety: and the myth of informed decision making, in:<em> KAN: History, Environment, Civilization<\/em> 20, S. 24-32.<\/p>\n<p>Samerski, Silja, 2002: Autodeterminazione e paura del rischio, in: <em>Donna &amp; Donna. Il Giornale delle Ostetriche<\/em>, 38, S. 50-52.<\/p>\n<p>Samerski, Silja, 2002: Die &#8222;informierte Entscheidung&#8220; als Falle. Wie die genetische Beratung zum Selbst-Management verpflichtet. <em>Sowi<\/em>, 4\/02, S. 53-61.<\/p>\n<p>Samerski, Silja, 2002: Die Aufkl\u00e4rungsfalle. Rezension: Andreas L\u00f6sch: Genomprojekt und Moderne. Soziologische Analysen des bioethischen Diskurses, Frankfurt a.M. 2001, in: <em>\u00c4sthetik und Kommunikation<\/em>, 124, S.126.<\/p>\n<p>Samerski, Silja, 1999: Schwanger gehen mit dem &#8222;Risiko&#8220;? Professionelle Verratlosung in der genetischen Beratung, in: <em>psychomed<\/em>, 11, S. 72-76.<\/p>\n<p>Duden, Barbara und Samerski, Silja ,1998: Das aufgeschwatzte Risiko &#8211; genetische Beratung als Sprach-Ritual, in: <em>psychosozial<\/em>, 21, S. 79-88.<\/p>\n<p>&nbsp;<\/p>\n<p><strong>Aufs\u00e4tze in Sammelb\u00e4nden (mit peer review)<\/strong><\/p>\n<p>Samerski, Silja, 2014: Genetic literacy. Scientific input as a precondition for personal judgement? In: Dakers, John R. (Hg.) Technological Literacy. Basingstoke: Palgrave Macmillan.<\/p>\n<p>&nbsp;<\/p>\n<p><strong>Aufs\u00e4tze in Sammelb\u00e4nden (ohne peer review)<\/strong><\/p>\n<p>Samerski. Silja. Beratung. In: Gronemeyer, Reimer und Jurk, Charlotte: <a href=\"http:\/\/www.transcript-verlag.de\/978-3-8376-3554-6\/entprofessionalisieren-wir-uns\" target=\"_blank\">Entprofessionalisieren wir uns! Ein kritisches W\u00f6rterbuch \u00fcber die Sprache in Pflege und sozialer Arbeit.<\/a> Bielefeld: transcript. (im Druck)<\/p>\n<p>Samerski, Silja. Informierte Entscheidung. In: Gronemeyer, Reimer und Jurk, Charlotte: <a href=\"http:\/\/www.transcript-verlag.de\/978-3-8376-3554-6\/entprofessionalisieren-wir-uns\" target=\"_blank\">Entprofessionalisieren wir uns! Ein kritisches W\u00f6rterbuch \u00fcber die Sprache in Pflege und sozialer Arbeit.<\/a> Bielefeld: transcript. (im Druck)<\/p>\n<p>Samerski, Silja (2015): Beraten und verkauft. Frauen als Klientinnen in der genetischen Beratung. In: Gr\u00f6ning, K.; Heimann, R.; Kunstmann, A.; Neumann, C. (Hg.): Geschlechtersensible Beratung. Traditionslinien und praktische Ans\u00e4tze. Gie\u00dfen: Psychosozial-Verlag, 375-87.<\/p>\n<p>Samerski, Silja (2015): Statistische Rationalit\u00e4t. Das Verschwinden des Subjekts in der Population. In: Etzem\u00fcller, Thomas (Hg.): <em>Vom \u201eVolk\u201c zur \u201ePopulation\u201c. Interventionistische Bev\u00f6lkerungspolitik in der Nachkriegszeit<\/em>, M\u00fcnster: Westf\u00e4lisches Dampfboot, 177-196<\/p>\n<p>Silja Samerski, 2014: Pathogene Gesundheit. \u201cEigenverantwortung\u201d in der Risikomedizin. In: Schmidt, Bettina (Hg.): Akzeptierende Gesundheitsf\u00f6rderung. Weinheim: Juventa, 62-75.<\/p>\n<p>Silja Samerski, 2011: Genetic counseling and the fiction of choice: taught self-determination as a new technique of social engineering, in: Braun, Kathrin (Hg.): <em>Between self-determination and social technology. Medicine, biopolitics and the new techniques of procedural management<\/em>, Bielefeld: transcript S. 95-125 (Wiederabdruck).<\/p>\n<p>Samerski, Silja, 2010: Epistemische Vermischung: Zur Gleichsetzung von Person und Risikoprofil in der genetischen Beratung, in: Liebsch, Katharina und Manz, Ulrike (Hg.): <em>Leben mit den Lebenswissenschaften. Wie wird biomedizinisches Wissen in Alltagspraxis \u00fcbersetzt?<\/em> Bielefeld: transcript, S. 153-168.<\/p>\n<p>Samerski, Silja, 2009: Die Entscheidungsfalle. \u00dcber die &#8222;selbstbestimmte Entscheidung&#8220; durch genetische Beratung, in: Hirschberg, Irene, Grie\u00dfler, Erich, Littig, Beate, und Frewer, Andreas (Hg.) <em>Ethische Fragen genetischer Beratung.<\/em> Frankfurt a.M.: Campus, S. 171-187.<\/p>\n<p>Samerski, Silja, 2009: The symbolic fallout of gene talk: Replacing the person with manageable constructs, in: Rehmann-Sutter, Christoph und M\u00fcller, Hansjakob (Hg.) <em>Disclosure Dilemmas. Ethics of genetic prognosis after the &#8218;right to know\/not to know&#8216; debate.<\/em> Farnham, Burl.: Ashgate, S. 97-112.<\/p>\n<p>Duden, Barbara und Samerski, Silja, 2008: &#8222;Pop Genes&#8220;: The symbolic effects of the release of &#8222;genes&#8220; into ordinary speech, in: Molfino, Francesca und Zuccho, Flavia (Hg.) <em>Women in biotechnology. Creating Interfaces<\/em>. Dordrecht: Springer, S. 161-170.<\/p>\n<p>Duden, Barbara und Samerski, Silja, 2007: &#8222;Pop-genes&#8220;: An investigation of &#8222;the gene&#8220; in popular parlance, in: Burri, Regula Val\u00e9rie und Dumit, Joseph (Hg.) <em>Biomedicine as culture: Instrumental practices, technoscientific knowledge, and new modes of life,<\/em> New York: Routledge, S.167-189.<\/p>\n<p>Samerski, Silja, 2007: The &#8218;decision trap&#8216;: How genetic counseling transforms pregnant women into managers of fetal risk profiles, in: O&#8217;Malley, Pat und Hannah-Moffat, Kelly (Hg.) <em>Gendered Risks<\/em>. London: RoutledgeCavendish, S. 55-74.<\/p>\n<p>Duden, Barbara und Samerski, Silja, 2006: Vererbung und Selbstmanagement. Wie &#8222;Gen&#8220; den eigenen Leib zum Risiko macht, in: Rehberg, Karl-Siegbert (Hg.): <em>Soziale Ungleichheit &#8211; kulturelle Unterschiede: Verhandlungen des 32. Kongresses der Deutschen Gesellschaft f\u00fcr Soziologie in M\u00fcnchen 2004<\/em>, Frankfurt, S. 558-568.<\/p>\n<p>Samerski, Silja, 2004. Der Mythos vom Gen. Nur G\u00f6tter und G\u00f6tzen? Zur Aktualit\u00e4t des Mythos. F\u00fcnfter Kleiner Universit\u00e4tstag Ahaus M\u00e4rz 2003. C. Urban und J. Engelhardt. M\u00fcnster, LIT-Verlag<strong>: <\/strong>188-198.<\/p>\n<p>Samerski, Silja, 2003: Entm\u00fcndigende Selbstbestimmung. Wie die genetische Beratung schwangere Frauen zu einer unm\u00f6glichen Entscheidung bef\u00e4higt, in: Graumann, Sigrid und Schneider, Ingrid (Hg.) <em>Verk\u00f6rperte Technik &#8211; Entk\u00f6rperte Frau. Biopolitik und Geschlecht. <\/em>Frankfurt a.M.: Campus, S. 213-229.<\/p>\n<p>Samerski, Silja, 2002: Die Freisetzung genetischer Begrifflichkeiten, in: Steiner, Theo (Hg.) <em>Genpool. Biopolitik und K\u00f6rperutopien,<\/em> Wien: Passagen-Verlag, S. 268-281.<\/p>\n<p>Duden, Barbara und Samerski, Silja, 2002: Das aufgeschwatzte Risiko &#8211; genetische Beratung als Sprach-Ritual. In: Br\u00e4hler, Elmar, St\u00f6bel-Richter, Ive, und Hauffe, Ulrike (Hg.) <em>Vom Stammbaum zur Stammzelle. Reproduktionsmedizin, Pr\u00e4nataldiagnostik und Menschlicher Rohstoff<\/em>, Gie\u00dfen: Psychosozial, S. 223-238 (Wiederabdruck).<\/p>\n<p>Beck, Johannes, Illich, Ivan und Samerski, Silja , 1999. The Conditional Human. Lifelong Learning Inside and Outside Schools, vol.1.Second European Conference on Lifelong Learning. Bremen, 25-27.02.1999. P. Alheit, J. Beck, E. Kammler, R. Taylor and H. S. Olesen. Roskilde, Roskilde University, Universit\u00e4t Bremen und Leeds University<strong>: S. <\/strong>26-38.<\/p>\n<p>&nbsp;<\/p>\n<p><strong>Sonstige Publikationen<\/strong><\/p>\n<p>Samerski, Silja, 2015: <a href=\"http:\/\/www.gen-ethisches-netzwerk.de\/GID\/229\/samerski\/vorausberechnen-statt-verstehen\" target=\"_blank\">Vorausberechnen statt verstehen.<\/a> Gen-ethischer Informationsdienst 229, April 2015, S. 7-9.<\/p>\n<p>Samerski, Silja, 2015: <a title=\"Oya Gesichtslose Patientin\" href=\"http:\/\/samerski.de\/wp-content\/uploads\/2015\/01\/Gesundheit_Samerski_Oya30.pdf\" target=\"_blank\">Die gesichtslose Patientin.<\/a> Wie Menschen hinter Datenprofilen verschwinden. Oya: anders denken.anders leben, S. 72-75.<\/p>\n<p>Samerski, Silja, 2015: <a title=\"Impulse f\u00fcr Gesundheitsf\u00f6rderung\" href=\"http:\/\/www.gesundheit-nds.de\/CMS\/images\/stories\/PDFs\/LVG-Zeitschrift-Nr85-Web.pdf\" target=\"_blank\">Das Wunder des Neubeginns und die Entscheidungszw\u00e4nge der Pr\u00e4nataldiagostik.<\/a><em> Impulse f\u00fcr Gesundheitsf\u00f6rderung<\/em> 12\/2014<\/p>\n<p>Samerski, Silja, 2013: <a title=\"Das ENde des kundigen Urteils? Deutsche Hebammenzeitschrift\" href=\"http:\/\/samerski.de\/wp-content\/uploads\/2015\/01\/SHV_3_2014_Samerski.pdf\" target=\"_blank\">Das Ende des kundigen Urteils?<\/a> Wie \u201eEBM\u201c, \u201eRisiko\u201c und \u201einformierte Entscheidungen\u201c die Hebammenkunst gef\u00e4hrden in: <em>Deutsche Hebammen Zeitschrift<\/em> 9\/2013. (Wiederabdruck in der \u201eHebamme.ch\/Sage-femmes.ch\u201c 2014).<\/p>\n<p>Samerski, Silja, 2013: Risikopaket Kind: eine Kritik. <em>7 Wochen ohne: Riskier was. Mensch. Sieben Wochen ohne Vorsicht.<\/em> Arbeitshilfe 2013. Edition crismon.<\/p>\n<p>Samerski, Silja, 2012: Abstrakte Patienten. Die Standardisierung \u00e4rztlichen Handelns.<em> Gen-ethischer Informationsdienst<\/em> 213: 21-23.<\/p>\n<p>Samerski, Silja, 2012. Das Ende der guten Hoffnung? Schwangerschaft unter Wissens- und Entscheidungszw\u00e4ngen.<em> Impulse f\u00fcr Gesundheitsf\u00f6rderung<\/em> 1\/2012 (74):21-22.<\/p>\n<p>Samerski, Silja, 2011: Entscheidungsfalle f\u00fcr alle. Pr\u00e4nataldiagnostik via Bluttest.<em> Gen-ethischer Informationsdienst<\/em> 208 (Oktober):S. 41-43.<\/p>\n<p>Samerski, Silja, 2011: Das Baby als Risikopaket. Schwangere Frauen in der &#8222;Entscheidungsfalle&#8220;, in: <em>Publik-Forum<\/em>, 23\/2011, S. 22-23.<\/p>\n<p>Samerski, Silja, 2011: Bluttest auf Down-Syndrom. Nur ein kleiner Pieks?, in: <em>Deutsche Hebammen Zeitschrift<\/em>, 7\/2011:S. 56-58.<\/p>\n<p>Samerski, Silja, 2008: Selbstbestimmung und Pr\u00e4nataldiagnostik &#8211; Schwangere Frauen in der Entscheidungsfalle, in: <em>ProFamila Magazin<\/em>, 01\/2008:S. 14-17<\/p>\n<p>Samerski, Silja, 2003: Die Freisetzung genetischer Begrifflichkeiten, in: <em>HebammenInfo,<\/em> 5\/03, S. 26-32.<\/p>\n<p>Samerski, S. and I. Illich (2003). Der Zahlenzauber der Statistik. Einmaleins der Skepsis. Ein Lehrst\u00fcck \u00fcber die Zumutungen des Risikodenkens. <em>Freitag<\/em>. 24: S.18.<\/p>\n<p>Samerski, S. (2001). Eine Sache des Risikomanagements. <em>Freitag<\/em>. 14.11.2003: S. 3.<\/p>\n<p>Samerski, S. (2002). Bekehrung zur Risikoh\u00f6rigkeit. <em>Basler Magazin<\/em>. 12.Oktober 2002: S. 8-9.<\/p>\n","protected":false},"excerpt":{"rendered":"<p>B\u00fccher (Monographien) Samerski, Silja,2015: The decision trap. Genetic education and its social consequences. Exeter, Devon: Imprint Academic. Deutsche Ausgabe: Samerski, Silja, 2010: Die Entscheidungsfalle. Wie genetische Aufkl\u00e4rung die Gesellschaft entm\u00fcndigt. Darmstadt: WBG. Samerski, Silja, 2002: Die verrechnete Hoffnung. Von der selbstbestimmten Entscheidung durch genetische Beratung. M\u00fcnster: Westf\u00e4lisches Dampfboot. &nbsp; Sammelband\/Herausgeberschaft Silja Samerski, Anna Henkel, Frank &#8230; <a title=\"Ver\u00f6ffentlichungen\" class=\"read-more\" href=\"https:\/\/samerski.de\/?page_id=18\" aria-label=\"Mehr dazu unter Ver\u00f6ffentlichungen\">Weiterlesen<\/a><\/p>\n","protected":false},"author":2,"featured_media":0,"parent":0,"menu_order":0,"comment_status":"closed","ping_status":"closed","template":"","meta":{"footnotes":""},"_links":{"self":[{"href":"https:\/\/samerski.de\/index.php?rest_route=\/wp\/v2\/pages\/18"}],"collection":[{"href":"https:\/\/samerski.de\/index.php?rest_route=\/wp\/v2\/pages"}],"about":[{"href":"https:\/\/samerski.de\/index.php?rest_route=\/wp\/v2\/types\/page"}],"author":[{"embeddable":true,"href":"https:\/\/samerski.de\/index.php?rest_route=\/wp\/v2\/users\/2"}],"replies":[{"embeddable":true,"href":"https:\/\/samerski.de\/index.php?rest_route=%2Fwp%2Fv2%2Fcomments&post=18"}],"version-history":[{"count":10,"href":"https:\/\/samerski.de\/index.php?rest_route=\/wp\/v2\/pages\/18\/revisions"}],"predecessor-version":[{"id":231,"href":"https:\/\/samerski.de\/index.php?rest_route=\/wp\/v2\/pages\/18\/revisions\/231"}],"wp:attachment":[{"href":"https:\/\/samerski.de\/index.php?rest_route=%2Fwp%2Fv2%2Fmedia&parent=18"}],"curies":[{"name":"wp","href":"https:\/\/api.w.org\/{rel}","templated":true}]}}